{"id":869,"date":"2025-12-14T15:04:55","date_gmt":"2025-12-14T14:04:55","guid":{"rendered":"https:\/\/www.turisrialp.cat\/web\/?post_type=empresa&#038;p=869"},"modified":"2025-12-16T11:11:43","modified_gmt":"2025-12-16T10:11:43","slug":"capella-sant-cosme-i-sant-damia-2","status":"publish","type":"empresa","link":"https:\/\/www.turisrialp.cat\/web\/empresa\/capella-sant-cosme-i-sant-damia-2\/","title":{"rendered":"Capella Sant Cosme i Sant Dami\u00e0"},"content":{"rendered":"<style>.wp-block-kadence-advancedheading.kt-adv-heading869_668cf2-4e, .wp-block-kadence-advancedheading.kt-adv-heading869_668cf2-4e[data-kb-block=\"kb-adv-heading869_668cf2-4e\"]{padding-top:var(--global-kb-spacing-xs, 1rem);font-style:normal;}.wp-block-kadence-advancedheading.kt-adv-heading869_668cf2-4e mark.kt-highlight, .wp-block-kadence-advancedheading.kt-adv-heading869_668cf2-4e[data-kb-block=\"kb-adv-heading869_668cf2-4e\"] mark.kt-highlight{font-style:normal;color:#f76a0c;-webkit-box-decoration-break:clone;box-decoration-break:clone;padding-top:0px;padding-right:0px;padding-bottom:0px;padding-left:0px;}.wp-block-kadence-advancedheading.kt-adv-heading869_668cf2-4e img.kb-inline-image, .wp-block-kadence-advancedheading.kt-adv-heading869_668cf2-4e[data-kb-block=\"kb-adv-heading869_668cf2-4e\"] img.kb-inline-image{width:150px;vertical-align:baseline;}<\/style>\n<p class=\"kt-adv-heading869_668cf2-4e wp-block-kadence-advancedheading\" data-kb-block=\"kb-adv-heading869_668cf2-4e\"><strong>Horaris<\/strong><\/p>\n\n\n\n<p><strong>Del 26 d&#8217;octubre a Pasqua <\/strong><\/p>\n\n\n\n<p>Dilluns: 17.30 h a 18.30. Rosari i Oraci\u00f3<br>Dimecres: 17.30 h a 18 h Rosari; 18 h a 19 h Adoraci\u00f3; 19 h Missa <br>Divendres: 17.30 h a 18.30. Rosari i Oraci\u00f3<br>Diumenge: 11 h Missa <\/p>\n\n\n\n<p><strong>De Pasqua fins al canvi d&#8217;horari <\/strong><\/p>\n\n\n\n<p>Dilluns: 18.30 h a 19.30. Rosari i Oraci\u00f3 <br>Dimecres: 18.30 h a 19 h Rosari; 19 h a 20 h Adoraci\u00f3; 20 h Missa<br>Divendres: 18.30 h a 19.30. Rosari i Oraci\u00f3 <br>Diumenge: 11 h Missa.<\/p>\n","protected":false},"featured_media":0,"template":"","meta":{"_acf_changed":false,"_kad_blocks_custom_css":"","_kad_blocks_head_custom_js":"","_kad_blocks_body_custom_js":"","_kad_blocks_footer_custom_js":"","_kad_post_transparent":"","_kad_post_title":"","_kad_post_layout":"","_kad_post_sidebar_id":"","_kad_post_content_style":"","_kad_post_vertical_padding":"","_kad_post_feature":"","_kad_post_feature_position":"","_kad_post_header":false,"_kad_post_footer":false,"_kad_post_classname":""},"nucli":[32],"tipus":[31],"class_list":["post-869","empresa","type-empresa","status-publish","hentry","nucli-rialp","tipus-serveis-religiosos"],"acf":{"adreca":"C. Raval. Rialp","nucli":[32],"telefon":"626 582 940","mail":"","web":""},"yoast_head":"<!-- This site is optimized with the Yoast SEO plugin v27.5 - https:\/\/yoast.com\/product\/yoast-seo-wordpress\/ -->\n<title>Capella Sant Cosme i Sant Dami\u00e0 - Rialp Turisme<\/title>\n<meta name=\"robots\" content=\"index, follow, max-snippet:-1, max-image-preview:large, max-video-preview:-1\" \/>\n<link rel=\"canonical\" href=\"https:\/\/www.turisrialp.cat\/web\/empresa\/capella-sant-cosme-i-sant-damia-2\/\" \/>\n<meta property=\"og:locale\" content=\"ca_ES\" \/>\n<meta property=\"og:type\" content=\"article\" \/>\n<meta property=\"og:title\" content=\"Capella Sant Cosme i Sant Dami\u00e0 - Rialp Turisme\" \/>\n<meta property=\"og:description\" content=\"Horaris Del 26 d&#8217;octubre a Pasqua Dilluns: 17.30 h a 18.30. Rosari i Oraci\u00f3Dimecres: 17.30 h a 18 h Rosari; 18 h a 19 h Adoraci\u00f3; 19 h Missa Divendres: 17.30 h a 18.30. Rosari i Oraci\u00f3Diumenge: 11 h Missa De Pasqua fins al canvi d&#8217;horari Dilluns: 18.30 h a 19.30. Rosari i Oraci\u00f3 Dimecres:...\" \/>\n<meta property=\"og:url\" content=\"https:\/\/www.turisrialp.cat\/web\/empresa\/capella-sant-cosme-i-sant-damia-2\/\" \/>\n<meta property=\"og:site_name\" content=\"Rialp Turisme\" \/>\n<meta property=\"article:modified_time\" content=\"2025-12-16T10:11:43+00:00\" \/>\n<meta name=\"twitter:card\" content=\"summary_large_image\" \/>\n<script type=\"application\/ld+json\" class=\"yoast-schema-graph\">{\"@context\":\"https:\\\/\\\/schema.org\",\"@graph\":[{\"@type\":\"WebPage\",\"@id\":\"https:\\\/\\\/www.turisrialp.cat\\\/web\\\/empresa\\\/capella-sant-cosme-i-sant-damia-2\\\/\",\"url\":\"https:\\\/\\\/www.turisrialp.cat\\\/web\\\/empresa\\\/capella-sant-cosme-i-sant-damia-2\\\/\",\"name\":\"Capella Sant Cosme i Sant Dami\u00e0 - Rialp Turisme\",\"isPartOf\":{\"@id\":\"https:\\\/\\\/www.turisrialp.cat\\\/web\\\/#website\"},\"datePublished\":\"2025-12-14T14:04:55+00:00\",\"dateModified\":\"2025-12-16T10:11:43+00:00\",\"breadcrumb\":{\"@id\":\"https:\\\/\\\/www.turisrialp.cat\\\/web\\\/empresa\\\/capella-sant-cosme-i-sant-damia-2\\\/#breadcrumb\"},\"inLanguage\":\"ca\",\"potentialAction\":[{\"@type\":\"ReadAction\",\"target\":[\"https:\\\/\\\/www.turisrialp.cat\\\/web\\\/empresa\\\/capella-sant-cosme-i-sant-damia-2\\\/\"]}]},{\"@type\":\"BreadcrumbList\",\"@id\":\"https:\\\/\\\/www.turisrialp.cat\\\/web\\\/empresa\\\/capella-sant-cosme-i-sant-damia-2\\\/#breadcrumb\",\"itemListElement\":[{\"@type\":\"ListItem\",\"position\":1,\"name\":\"Inici\",\"item\":\"https:\\\/\\\/www.turisrialp.cat\\\/web\\\/\"},{\"@type\":\"ListItem\",\"position\":2,\"name\":\"Empreses\",\"item\":\"https:\\\/\\\/www.turisrialp.cat\\\/web\\\/empreses-rialp\\\/\"},{\"@type\":\"ListItem\",\"position\":3,\"name\":\"Capella Sant Cosme i Sant Dami\u00e0\"}]},{\"@type\":\"WebSite\",\"@id\":\"https:\\\/\\\/www.turisrialp.cat\\\/web\\\/#website\",\"url\":\"https:\\\/\\\/www.turisrialp.cat\\\/web\\\/\",\"name\":\"Rialp Turisme\",\"description\":\"\",\"publisher\":{\"@id\":\"https:\\\/\\\/www.turisrialp.cat\\\/web\\\/#organization\"},\"potentialAction\":[{\"@type\":\"SearchAction\",\"target\":{\"@type\":\"EntryPoint\",\"urlTemplate\":\"https:\\\/\\\/www.turisrialp.cat\\\/web\\\/?s={search_term_string}\"},\"query-input\":{\"@type\":\"PropertyValueSpecification\",\"valueRequired\":true,\"valueName\":\"search_term_string\"}}],\"inLanguage\":\"ca\"},{\"@type\":\"Organization\",\"@id\":\"https:\\\/\\\/www.turisrialp.cat\\\/web\\\/#organization\",\"name\":\"Rialp Turisme\",\"url\":\"https:\\\/\\\/www.turisrialp.cat\\\/web\\\/\",\"logo\":{\"@type\":\"ImageObject\",\"inLanguage\":\"ca\",\"@id\":\"https:\\\/\\\/www.turisrialp.cat\\\/web\\\/#\\\/schema\\\/logo\\\/image\\\/\",\"url\":\"https:\\\/\\\/www.turisrialp.cat\\\/web\\\/wp-content\\\/uploads\\\/Rialp-turisme.png\",\"contentUrl\":\"https:\\\/\\\/www.turisrialp.cat\\\/web\\\/wp-content\\\/uploads\\\/Rialp-turisme.png\",\"width\":320,\"height\":320,\"caption\":\"Rialp Turisme\"},\"image\":{\"@id\":\"https:\\\/\\\/www.turisrialp.cat\\\/web\\\/#\\\/schema\\\/logo\\\/image\\\/\"}}]}<\/script>\n<!-- \/ Yoast SEO plugin. -->","yoast_head_json":{"title":"Capella Sant Cosme i Sant Dami\u00e0 - Rialp Turisme","robots":{"index":"index","follow":"follow","max-snippet":"max-snippet:-1","max-image-preview":"max-image-preview:large","max-video-preview":"max-video-preview:-1"},"canonical":"https:\/\/www.turisrialp.cat\/web\/empresa\/capella-sant-cosme-i-sant-damia-2\/","og_locale":"ca_ES","og_type":"article","og_title":"Capella Sant Cosme i Sant Dami\u00e0 - Rialp Turisme","og_description":"Horaris Del 26 d&#8217;octubre a Pasqua Dilluns: 17.30 h a 18.30. Rosari i Oraci\u00f3Dimecres: 17.30 h a 18 h Rosari; 18 h a 19 h Adoraci\u00f3; 19 h Missa Divendres: 17.30 h a 18.30. Rosari i Oraci\u00f3Diumenge: 11 h Missa De Pasqua fins al canvi d&#8217;horari Dilluns: 18.30 h a 19.30. Rosari i Oraci\u00f3 Dimecres:...","og_url":"https:\/\/www.turisrialp.cat\/web\/empresa\/capella-sant-cosme-i-sant-damia-2\/","og_site_name":"Rialp Turisme","article_modified_time":"2025-12-16T10:11:43+00:00","twitter_card":"summary_large_image","schema":{"@context":"https:\/\/schema.org","@graph":[{"@type":"WebPage","@id":"https:\/\/www.turisrialp.cat\/web\/empresa\/capella-sant-cosme-i-sant-damia-2\/","url":"https:\/\/www.turisrialp.cat\/web\/empresa\/capella-sant-cosme-i-sant-damia-2\/","name":"Capella Sant Cosme i Sant Dami\u00e0 - Rialp Turisme","isPartOf":{"@id":"https:\/\/www.turisrialp.cat\/web\/#website"},"datePublished":"2025-12-14T14:04:55+00:00","dateModified":"2025-12-16T10:11:43+00:00","breadcrumb":{"@id":"https:\/\/www.turisrialp.cat\/web\/empresa\/capella-sant-cosme-i-sant-damia-2\/#breadcrumb"},"inLanguage":"ca","potentialAction":[{"@type":"ReadAction","target":["https:\/\/www.turisrialp.cat\/web\/empresa\/capella-sant-cosme-i-sant-damia-2\/"]}]},{"@type":"BreadcrumbList","@id":"https:\/\/www.turisrialp.cat\/web\/empresa\/capella-sant-cosme-i-sant-damia-2\/#breadcrumb","itemListElement":[{"@type":"ListItem","position":1,"name":"Inici","item":"https:\/\/www.turisrialp.cat\/web\/"},{"@type":"ListItem","position":2,"name":"Empreses","item":"https:\/\/www.turisrialp.cat\/web\/empreses-rialp\/"},{"@type":"ListItem","position":3,"name":"Capella Sant Cosme i Sant Dami\u00e0"}]},{"@type":"WebSite","@id":"https:\/\/www.turisrialp.cat\/web\/#website","url":"https:\/\/www.turisrialp.cat\/web\/","name":"Rialp Turisme","description":"","publisher":{"@id":"https:\/\/www.turisrialp.cat\/web\/#organization"},"potentialAction":[{"@type":"SearchAction","target":{"@type":"EntryPoint","urlTemplate":"https:\/\/www.turisrialp.cat\/web\/?s={search_term_string}"},"query-input":{"@type":"PropertyValueSpecification","valueRequired":true,"valueName":"search_term_string"}}],"inLanguage":"ca"},{"@type":"Organization","@id":"https:\/\/www.turisrialp.cat\/web\/#organization","name":"Rialp Turisme","url":"https:\/\/www.turisrialp.cat\/web\/","logo":{"@type":"ImageObject","inLanguage":"ca","@id":"https:\/\/www.turisrialp.cat\/web\/#\/schema\/logo\/image\/","url":"https:\/\/www.turisrialp.cat\/web\/wp-content\/uploads\/Rialp-turisme.png","contentUrl":"https:\/\/www.turisrialp.cat\/web\/wp-content\/uploads\/Rialp-turisme.png","width":320,"height":320,"caption":"Rialp Turisme"},"image":{"@id":"https:\/\/www.turisrialp.cat\/web\/#\/schema\/logo\/image\/"}}]}},"taxonomy_info":{"nucli":[{"value":32,"label":"Rialp"}],"tipus":[{"value":31,"label":"Serveis religiosos"}]},"featured_image_src_large":false,"author_info":[],"comment_info":"","_links":{"self":[{"href":"https:\/\/www.turisrialp.cat\/web\/wp-json\/wp\/v2\/empresa\/869","targetHints":{"allow":["GET"]}}],"collection":[{"href":"https:\/\/www.turisrialp.cat\/web\/wp-json\/wp\/v2\/empresa"}],"about":[{"href":"https:\/\/www.turisrialp.cat\/web\/wp-json\/wp\/v2\/types\/empresa"}],"acf:term":[{"embeddable":true,"taxonomy":"nucli","href":"https:\/\/www.turisrialp.cat\/web\/wp-json\/wp\/v2\/nucli\/32"}],"wp:attachment":[{"href":"https:\/\/www.turisrialp.cat\/web\/wp-json\/wp\/v2\/media?parent=869"}],"wp:term":[{"taxonomy":"nucli","embeddable":true,"href":"https:\/\/www.turisrialp.cat\/web\/wp-json\/wp\/v2\/nucli?post=869"},{"taxonomy":"tipus","embeddable":true,"href":"https:\/\/www.turisrialp.cat\/web\/wp-json\/wp\/v2\/tipus?post=869"}],"curies":[{"name":"wp","href":"https:\/\/api.w.org\/{rel}","templated":true}]}}

Capella Sant Cosme i Sant Damià

<style>.wp-block-kadence-advancedheading.kt-adv-heading869_668cf2-4e, .wp-block-kadence-advancedheading.kt-adv-heading869_668cf2-4e[data-kb-block="kb-adv-heading869_668cf2-4e"]{padding-top:var(--global-kb-spacing-xs, 1rem);font-style:normal;}.wp-block-kadence-advancedheading.kt-adv-heading869_668cf2-4e mark.kt-highlight, .wp-block-kadence-advancedheading.kt-adv-heading869_668cf2-4e[data-kb-block="kb-adv-heading869_668cf2-4e"] mark.kt-highlight{font-style:normal;color:#f76a0c;-webkit-box-decoration-break:clone;box-decoration-break:clone;padding-top:0px;padding-right:0px;padding-bottom:0px;padding-left:0px;}.wp-block-kadence-advancedheading.kt-adv-heading869_668cf2-4e img.kb-inline-image, .wp-block-kadence-advancedheading.kt-adv-heading869_668cf2-4e[data-kb-block="kb-adv-heading869_668cf2-4e"] img.kb-inline-image{width:150px;vertical-align:baseline;}</style>
<p class="kt-adv-heading869_668cf2-4e wp-block-kadence-advancedheading" data-kb-block="kb-adv-heading869_668cf2-4e"><strong>Horaris</strong></p>



<p><strong>Del 26 d&#8217;octubre a Pasqua </strong></p>



<p>Dilluns: 17.30 h a 18.30. Rosari i Oració<br>Dimecres: 17.30 h a 18 h Rosari; 18 h a 19 h Adoració; 19 h Missa <br>Divendres: 17.30 h a 18.30. Rosari i Oració<br>Diumenge: 11 h Missa </p>



<p><strong>De Pasqua fins al canvi d&#8217;horari </strong></p>



<p>Dilluns: 18.30 h a 19.30. Rosari i Oració <br>Dimecres: 18.30 h a 19 h Rosari; 19 h a 20 h Adoració; 20 h Missa<br>Divendres: 18.30 h a 19.30. Rosari i Oració <br>Diumenge: 11 h Missa.</p>

<!-- This site is optimized with the Yoast SEO plugin v27.5 - https://yoast.com/product/yoast-seo-wordpress/ -->
<title>Capella Sant Cosme i Sant Damià - Rialp Turisme</title>
<meta name="robots" content="index, follow, max-snippet:-1, max-image-preview:large, max-video-preview:-1" />
<link rel="canonical" href="https://www.turisrialp.cat/web/empresa/capella-sant-cosme-i-sant-damia-2/" />
<meta property="og:locale" content="ca_ES" />
<meta property="og:type" content="article" />
<meta property="og:title" content="Capella Sant Cosme i Sant Damià - Rialp Turisme" />
<meta property="og:description" content="Horaris Del 26 d&#8217;octubre a Pasqua Dilluns: 17.30 h a 18.30. Rosari i OracióDimecres: 17.30 h a 18 h Rosari; 18 h a 19 h Adoració; 19 h Missa Divendres: 17.30 h a 18.30. Rosari i OracióDiumenge: 11 h Missa De Pasqua fins al canvi d&#8217;horari Dilluns: 18.30 h a 19.30. Rosari i Oració Dimecres:..." />
<meta property="og:url" content="https://www.turisrialp.cat/web/empresa/capella-sant-cosme-i-sant-damia-2/" />
<meta property="og:site_name" content="Rialp Turisme" />
<meta property="article:modified_time" content="2025-12-16T10:11:43+00:00" />
<meta name="twitter:card" content="summary_large_image" />
<script type="application/ld+json" class="yoast-schema-graph">{"@context":"https:\/\/schema.org","@graph":[{"@type":"WebPage","@id":"https:\/\/www.turisrialp.cat\/web\/empresa\/capella-sant-cosme-i-sant-damia-2\/","url":"https:\/\/www.turisrialp.cat\/web\/empresa\/capella-sant-cosme-i-sant-damia-2\/","name":"Capella Sant Cosme i Sant Damià - Rialp Turisme","isPartOf":{"@id":"https:\/\/www.turisrialp.cat\/web\/#website"},"datePublished":"2025-12-14T14:04:55+00:00","dateModified":"2025-12-16T10:11:43+00:00","breadcrumb":{"@id":"https:\/\/www.turisrialp.cat\/web\/empresa\/capella-sant-cosme-i-sant-damia-2\/#breadcrumb"},"inLanguage":"ca","potentialAction":[{"@type":"ReadAction","target":["https:\/\/www.turisrialp.cat\/web\/empresa\/capella-sant-cosme-i-sant-damia-2\/"]}]},{"@type":"BreadcrumbList","@id":"https:\/\/www.turisrialp.cat\/web\/empresa\/capella-sant-cosme-i-sant-damia-2\/#breadcrumb","itemListElement":[{"@type":"ListItem","position":1,"name":"Inici","item":"https:\/\/www.turisrialp.cat\/web\/"},{"@type":"ListItem","position":2,"name":"Empreses","item":"https:\/\/www.turisrialp.cat\/web\/empreses-rialp\/"},{"@type":"ListItem","position":3,"name":"Capella Sant Cosme i Sant Damià"}]},{"@type":"WebSite","@id":"https:\/\/www.turisrialp.cat\/web\/#website","url":"https:\/\/www.turisrialp.cat\/web\/","name":"Rialp Turisme","description":"","publisher":{"@id":"https:\/\/www.turisrialp.cat\/web\/#organization"},"potentialAction":[{"@type":"SearchAction","target":{"@type":"EntryPoint","urlTemplate":"https:\/\/www.turisrialp.cat\/web\/?s={search_term_string}"},"query-input":{"@type":"PropertyValueSpecification","valueRequired":true,"valueName":"search_term_string"}}],"inLanguage":"ca"},{"@type":"Organization","@id":"https:\/\/www.turisrialp.cat\/web\/#organization","name":"Rialp Turisme","url":"https:\/\/www.turisrialp.cat\/web\/","logo":{"@type":"ImageObject","inLanguage":"ca","@id":"https:\/\/www.turisrialp.cat\/web\/#\/schema\/logo\/image\/","url":"https:\/\/www.turisrialp.cat\/web\/wp-content\/uploads\/Rialp-turisme.png","contentUrl":"https:\/\/www.turisrialp.cat\/web\/wp-content\/uploads\/Rialp-turisme.png","width":320,"height":320,"caption":"Rialp Turisme"},"image":{"@id":"https:\/\/www.turisrialp.cat\/web\/#\/schema\/logo\/image\/"}}]}</script>
<!-- / Yoast SEO plugin. -->

Capella Sant Cosme i Sant Damià - Rialp Turisme

Horaris Del 26 d&#8217;octubre a Pasqua Dilluns: 17.30 h a 18.30. Rosari i OracióDimecres: 17.30 h a 18 h Rosari; 18 h a 19 h Adoració; 19 h Missa Divendres: 17.30 h a 18.30. Rosari i OracióDiumenge: 11 h Missa De Pasqua fins al canvi d&#8217;horari Dilluns: 18.30 h a 19.30. Rosari i Oració Dimecres:...
