{"id":2456,"date":"2025-12-14T10:08:32","date_gmt":"2025-12-14T09:08:32","guid":{"rendered":"https:\/\/www.turisrialp.cat\/web\/empresa\/capella-sant-cosme-i-sant-damia\/"},"modified":"2025-12-14T10:08:32","modified_gmt":"2025-12-14T09:08:32","slug":"capella-sant-cosme-i-sant-damia","status":"publish","type":"empresa","link":"https:\/\/www.turisrialp.cat\/web\/fr\/empresa\/capella-sant-cosme-i-sant-damia\/","title":{"rendered":"Capella Sant Cosme i Sant Dami\u00e0"},"content":{"rendered":"<p>Horari de celebracions: Del 26 d&rsquo;octubre a Pasqua Dilluns: 17.30 h a 18.30. Rosari i Oraci\u00f3 Dimecres: 17.30 h a 18 h Rosari; 18 h a 19 h Adoraci\u00f3; 19 h Missa Divendres: 17.30 h a 18.30. Rosari i Oraci\u00f3 Diumenge: 11 h Missa De Pasqua fins al canvi d&rsquo;horari Dilluns: 18.30 h a 19.30. Rosari i Oraci\u00f3 Dimecres: 18.30 h a 19 h Rosari; 19 h a 20 h Adoraci\u00f3; 20 h Missa Divendres: 18.30 h a 19.30. Rosari i Oraci\u00f3 Diumenge: 11 h Missa.<\/p>\n","protected":false},"featured_media":0,"template":"","meta":{"_acf_changed":false,"_kad_blocks_custom_css":"","_kad_blocks_head_custom_js":"","_kad_blocks_body_custom_js":"","_kad_blocks_footer_custom_js":"","_kad_post_transparent":"","_kad_post_title":"","_kad_post_layout":"","_kad_post_sidebar_id":"","_kad_post_content_style":"","_kad_post_vertical_padding":"","_kad_post_feature":"","_kad_post_feature_position":"","_kad_post_header":false,"_kad_post_footer":false,"_kad_post_classname":""},"nucli":[32],"tipus":[71],"class_list":["post-2456","empresa","type-empresa","status-publish","hentry","nucli-rialp","tipus-equipaments"],"acf":{"adreca":"C. Raval. Rialp","nucli":[32],"telefon":"626 582 940","mail":"","web":""},"yoast_head":"<!-- This site is optimized with the Yoast SEO plugin v27.5 - https:\/\/yoast.com\/product\/yoast-seo-wordpress\/ -->\n<title>Capella Sant Cosme i Sant Dami\u00e0 - Rialp Turisme<\/title>\n<meta name=\"robots\" content=\"index, follow, max-snippet:-1, max-image-preview:large, max-video-preview:-1\" \/>\n<link rel=\"canonical\" href=\"https:\/\/www.turisrialp.cat\/web\/fr\/empresa\/capella-sant-cosme-i-sant-damia\/\" \/>\n<meta property=\"og:locale\" content=\"fr_FR\" \/>\n<meta property=\"og:type\" content=\"article\" \/>\n<meta property=\"og:title\" content=\"Capella Sant Cosme i Sant Dami\u00e0 - Rialp Turisme\" \/>\n<meta property=\"og:description\" content=\"Horari de celebracions: Del 26 d&rsquo;octubre a Pasqua Dilluns: 17.30 h a 18.30. Rosari i Oraci\u00f3 Dimecres: 17.30 h a 18 h Rosari; 18 h a 19 h Adoraci\u00f3; 19 h Missa Divendres: 17.30 h a 18.30. Rosari i Oraci\u00f3 Diumenge: 11 h Missa De Pasqua fins al canvi d&rsquo;horari Dilluns: 18.30 h a 19.30....\" \/>\n<meta property=\"og:url\" content=\"https:\/\/www.turisrialp.cat\/web\/fr\/empresa\/capella-sant-cosme-i-sant-damia\/\" \/>\n<meta property=\"og:site_name\" content=\"Rialp Turisme\" \/>\n<meta name=\"twitter:card\" content=\"summary_large_image\" \/>\n<script type=\"application\/ld+json\" class=\"yoast-schema-graph\">{\"@context\":\"https:\\\/\\\/schema.org\",\"@graph\":[{\"@type\":\"WebPage\",\"@id\":\"https:\\\/\\\/www.turisrialp.cat\\\/web\\\/fr\\\/empresa\\\/capella-sant-cosme-i-sant-damia\\\/\",\"url\":\"https:\\\/\\\/www.turisrialp.cat\\\/web\\\/fr\\\/empresa\\\/capella-sant-cosme-i-sant-damia\\\/\",\"name\":\"Capella Sant Cosme i Sant Dami\u00e0 - Rialp Turisme\",\"isPartOf\":{\"@id\":\"https:\\\/\\\/www.turisrialp.cat\\\/web\\\/fr\\\/#website\"},\"datePublished\":\"2025-12-14T09:08:32+00:00\",\"breadcrumb\":{\"@id\":\"https:\\\/\\\/www.turisrialp.cat\\\/web\\\/fr\\\/empresa\\\/capella-sant-cosme-i-sant-damia\\\/#breadcrumb\"},\"inLanguage\":\"fr-FR\",\"potentialAction\":[{\"@type\":\"ReadAction\",\"target\":[\"https:\\\/\\\/www.turisrialp.cat\\\/web\\\/fr\\\/empresa\\\/capella-sant-cosme-i-sant-damia\\\/\"]}]},{\"@type\":\"BreadcrumbList\",\"@id\":\"https:\\\/\\\/www.turisrialp.cat\\\/web\\\/fr\\\/empresa\\\/capella-sant-cosme-i-sant-damia\\\/#breadcrumb\",\"itemListElement\":[{\"@type\":\"ListItem\",\"position\":1,\"name\":\"Inici\",\"item\":\"https:\\\/\\\/www.turisrialp.cat\\\/web\\\/fr\\\/\"},{\"@type\":\"ListItem\",\"position\":2,\"name\":\"Empreses\",\"item\":\"https:\\\/\\\/www.turisrialp.cat\\\/web\\\/fr\\\/empreses-rialp\\\/\"},{\"@type\":\"ListItem\",\"position\":3,\"name\":\"Capella Sant Cosme i Sant Dami\u00e0\"}]},{\"@type\":\"WebSite\",\"@id\":\"https:\\\/\\\/www.turisrialp.cat\\\/web\\\/fr\\\/#website\",\"url\":\"https:\\\/\\\/www.turisrialp.cat\\\/web\\\/fr\\\/\",\"name\":\"Rialp Turisme\",\"description\":\"\",\"publisher\":{\"@id\":\"https:\\\/\\\/www.turisrialp.cat\\\/web\\\/fr\\\/#organization\"},\"potentialAction\":[{\"@type\":\"SearchAction\",\"target\":{\"@type\":\"EntryPoint\",\"urlTemplate\":\"https:\\\/\\\/www.turisrialp.cat\\\/web\\\/fr\\\/?s={search_term_string}\"},\"query-input\":{\"@type\":\"PropertyValueSpecification\",\"valueRequired\":true,\"valueName\":\"search_term_string\"}}],\"inLanguage\":\"fr-FR\"},{\"@type\":\"Organization\",\"@id\":\"https:\\\/\\\/www.turisrialp.cat\\\/web\\\/fr\\\/#organization\",\"name\":\"Rialp Turisme\",\"url\":\"https:\\\/\\\/www.turisrialp.cat\\\/web\\\/fr\\\/\",\"logo\":{\"@type\":\"ImageObject\",\"inLanguage\":\"fr-FR\",\"@id\":\"https:\\\/\\\/www.turisrialp.cat\\\/web\\\/fr\\\/#\\\/schema\\\/logo\\\/image\\\/\",\"url\":\"https:\\\/\\\/www.turisrialp.cat\\\/web\\\/wp-content\\\/uploads\\\/Rialp-turisme.png\",\"contentUrl\":\"https:\\\/\\\/www.turisrialp.cat\\\/web\\\/wp-content\\\/uploads\\\/Rialp-turisme.png\",\"width\":320,\"height\":320,\"caption\":\"Rialp Turisme\"},\"image\":{\"@id\":\"https:\\\/\\\/www.turisrialp.cat\\\/web\\\/fr\\\/#\\\/schema\\\/logo\\\/image\\\/\"}}]}<\/script>\n<!-- \/ Yoast SEO plugin. -->","yoast_head_json":{"title":"Capella Sant Cosme i Sant Dami\u00e0 - Rialp Turisme","robots":{"index":"index","follow":"follow","max-snippet":"max-snippet:-1","max-image-preview":"max-image-preview:large","max-video-preview":"max-video-preview:-1"},"canonical":"https:\/\/www.turisrialp.cat\/web\/fr\/empresa\/capella-sant-cosme-i-sant-damia\/","og_locale":"fr_FR","og_type":"article","og_title":"Capella Sant Cosme i Sant Dami\u00e0 - Rialp Turisme","og_description":"Horari de celebracions: Del 26 d&rsquo;octubre a Pasqua Dilluns: 17.30 h a 18.30. Rosari i Oraci\u00f3 Dimecres: 17.30 h a 18 h Rosari; 18 h a 19 h Adoraci\u00f3; 19 h Missa Divendres: 17.30 h a 18.30. Rosari i Oraci\u00f3 Diumenge: 11 h Missa De Pasqua fins al canvi d&rsquo;horari Dilluns: 18.30 h a 19.30....","og_url":"https:\/\/www.turisrialp.cat\/web\/fr\/empresa\/capella-sant-cosme-i-sant-damia\/","og_site_name":"Rialp Turisme","twitter_card":"summary_large_image","schema":{"@context":"https:\/\/schema.org","@graph":[{"@type":"WebPage","@id":"https:\/\/www.turisrialp.cat\/web\/fr\/empresa\/capella-sant-cosme-i-sant-damia\/","url":"https:\/\/www.turisrialp.cat\/web\/fr\/empresa\/capella-sant-cosme-i-sant-damia\/","name":"Capella Sant Cosme i Sant Dami\u00e0 - Rialp Turisme","isPartOf":{"@id":"https:\/\/www.turisrialp.cat\/web\/fr\/#website"},"datePublished":"2025-12-14T09:08:32+00:00","breadcrumb":{"@id":"https:\/\/www.turisrialp.cat\/web\/fr\/empresa\/capella-sant-cosme-i-sant-damia\/#breadcrumb"},"inLanguage":"fr-FR","potentialAction":[{"@type":"ReadAction","target":["https:\/\/www.turisrialp.cat\/web\/fr\/empresa\/capella-sant-cosme-i-sant-damia\/"]}]},{"@type":"BreadcrumbList","@id":"https:\/\/www.turisrialp.cat\/web\/fr\/empresa\/capella-sant-cosme-i-sant-damia\/#breadcrumb","itemListElement":[{"@type":"ListItem","position":1,"name":"Inici","item":"https:\/\/www.turisrialp.cat\/web\/fr\/"},{"@type":"ListItem","position":2,"name":"Empreses","item":"https:\/\/www.turisrialp.cat\/web\/fr\/empreses-rialp\/"},{"@type":"ListItem","position":3,"name":"Capella Sant Cosme i Sant Dami\u00e0"}]},{"@type":"WebSite","@id":"https:\/\/www.turisrialp.cat\/web\/fr\/#website","url":"https:\/\/www.turisrialp.cat\/web\/fr\/","name":"Rialp Turisme","description":"","publisher":{"@id":"https:\/\/www.turisrialp.cat\/web\/fr\/#organization"},"potentialAction":[{"@type":"SearchAction","target":{"@type":"EntryPoint","urlTemplate":"https:\/\/www.turisrialp.cat\/web\/fr\/?s={search_term_string}"},"query-input":{"@type":"PropertyValueSpecification","valueRequired":true,"valueName":"search_term_string"}}],"inLanguage":"fr-FR"},{"@type":"Organization","@id":"https:\/\/www.turisrialp.cat\/web\/fr\/#organization","name":"Rialp Turisme","url":"https:\/\/www.turisrialp.cat\/web\/fr\/","logo":{"@type":"ImageObject","inLanguage":"fr-FR","@id":"https:\/\/www.turisrialp.cat\/web\/fr\/#\/schema\/logo\/image\/","url":"https:\/\/www.turisrialp.cat\/web\/wp-content\/uploads\/Rialp-turisme.png","contentUrl":"https:\/\/www.turisrialp.cat\/web\/wp-content\/uploads\/Rialp-turisme.png","width":320,"height":320,"caption":"Rialp Turisme"},"image":{"@id":"https:\/\/www.turisrialp.cat\/web\/fr\/#\/schema\/logo\/image\/"}}]}},"taxonomy_info":{"nucli":[{"value":32,"label":"Rialp"}],"tipus":[{"value":71,"label":"Equipaments"}]},"featured_image_src_large":false,"author_info":[],"comment_info":"","_links":{"self":[{"href":"https:\/\/www.turisrialp.cat\/web\/fr\/wp-json\/wp\/v2\/empresa\/2456","targetHints":{"allow":["GET"]}}],"collection":[{"href":"https:\/\/www.turisrialp.cat\/web\/fr\/wp-json\/wp\/v2\/empresa"}],"about":[{"href":"https:\/\/www.turisrialp.cat\/web\/fr\/wp-json\/wp\/v2\/types\/empresa"}],"acf:term":[{"embeddable":true,"taxonomy":"nucli","href":"https:\/\/www.turisrialp.cat\/web\/fr\/wp-json\/wp\/v2\/nucli\/32"}],"wp:attachment":[{"href":"https:\/\/www.turisrialp.cat\/web\/fr\/wp-json\/wp\/v2\/media?parent=2456"}],"wp:term":[{"taxonomy":"nucli","embeddable":true,"href":"https:\/\/www.turisrialp.cat\/web\/fr\/wp-json\/wp\/v2\/nucli?post=2456"},{"taxonomy":"tipus","embeddable":true,"href":"https:\/\/www.turisrialp.cat\/web\/fr\/wp-json\/wp\/v2\/tipus?post=2456"}],"curies":[{"name":"wp","href":"https:\/\/api.w.org\/{rel}","templated":true}]}}

Capella Sant Cosme i Sant Damià

<p>Horari de celebracions: Del 26 d&rsquo;octubre a Pasqua Dilluns: 17.30 h a 18.30. Rosari i Oració Dimecres: 17.30 h a 18 h Rosari; 18 h a 19 h Adoració; 19 h Missa Divendres: 17.30 h a 18.30. Rosari i Oració Diumenge: 11 h Missa De Pasqua fins al canvi d&rsquo;horari Dilluns: 18.30 h a 19.30. Rosari i Oració Dimecres: 18.30 h a 19 h Rosari; 19 h a 20 h Adoració; 20 h Missa Divendres: 18.30 h a 19.30. Rosari i Oració Diumenge: 11 h Missa.</p>

<!-- This site is optimized with the Yoast SEO plugin v27.5 - https://yoast.com/product/yoast-seo-wordpress/ -->
<title>Capella Sant Cosme i Sant Damià - Rialp Turisme</title>
<meta name="robots" content="index, follow, max-snippet:-1, max-image-preview:large, max-video-preview:-1" />
<link rel="canonical" href="https://www.turisrialp.cat/web/fr/empresa/capella-sant-cosme-i-sant-damia/" />
<meta property="og:locale" content="fr_FR" />
<meta property="og:type" content="article" />
<meta property="og:title" content="Capella Sant Cosme i Sant Damià - Rialp Turisme" />
<meta property="og:description" content="Horari de celebracions: Del 26 d&rsquo;octubre a Pasqua Dilluns: 17.30 h a 18.30. Rosari i Oració Dimecres: 17.30 h a 18 h Rosari; 18 h a 19 h Adoració; 19 h Missa Divendres: 17.30 h a 18.30. Rosari i Oració Diumenge: 11 h Missa De Pasqua fins al canvi d&rsquo;horari Dilluns: 18.30 h a 19.30...." />
<meta property="og:url" content="https://www.turisrialp.cat/web/fr/empresa/capella-sant-cosme-i-sant-damia/" />
<meta property="og:site_name" content="Rialp Turisme" />
<meta name="twitter:card" content="summary_large_image" />
<script type="application/ld+json" class="yoast-schema-graph">{"@context":"https:\/\/schema.org","@graph":[{"@type":"WebPage","@id":"https:\/\/www.turisrialp.cat\/web\/fr\/empresa\/capella-sant-cosme-i-sant-damia\/","url":"https:\/\/www.turisrialp.cat\/web\/fr\/empresa\/capella-sant-cosme-i-sant-damia\/","name":"Capella Sant Cosme i Sant Damià - Rialp Turisme","isPartOf":{"@id":"https:\/\/www.turisrialp.cat\/web\/fr\/#website"},"datePublished":"2025-12-14T09:08:32+00:00","breadcrumb":{"@id":"https:\/\/www.turisrialp.cat\/web\/fr\/empresa\/capella-sant-cosme-i-sant-damia\/#breadcrumb"},"inLanguage":"fr-FR","potentialAction":[{"@type":"ReadAction","target":["https:\/\/www.turisrialp.cat\/web\/fr\/empresa\/capella-sant-cosme-i-sant-damia\/"]}]},{"@type":"BreadcrumbList","@id":"https:\/\/www.turisrialp.cat\/web\/fr\/empresa\/capella-sant-cosme-i-sant-damia\/#breadcrumb","itemListElement":[{"@type":"ListItem","position":1,"name":"Inici","item":"https:\/\/www.turisrialp.cat\/web\/fr\/"},{"@type":"ListItem","position":2,"name":"Empreses","item":"https:\/\/www.turisrialp.cat\/web\/fr\/empreses-rialp\/"},{"@type":"ListItem","position":3,"name":"Capella Sant Cosme i Sant Damià"}]},{"@type":"WebSite","@id":"https:\/\/www.turisrialp.cat\/web\/fr\/#website","url":"https:\/\/www.turisrialp.cat\/web\/fr\/","name":"Rialp Turisme","description":"","publisher":{"@id":"https:\/\/www.turisrialp.cat\/web\/fr\/#organization"},"potentialAction":[{"@type":"SearchAction","target":{"@type":"EntryPoint","urlTemplate":"https:\/\/www.turisrialp.cat\/web\/fr\/?s={search_term_string}"},"query-input":{"@type":"PropertyValueSpecification","valueRequired":true,"valueName":"search_term_string"}}],"inLanguage":"fr-FR"},{"@type":"Organization","@id":"https:\/\/www.turisrialp.cat\/web\/fr\/#organization","name":"Rialp Turisme","url":"https:\/\/www.turisrialp.cat\/web\/fr\/","logo":{"@type":"ImageObject","inLanguage":"fr-FR","@id":"https:\/\/www.turisrialp.cat\/web\/fr\/#\/schema\/logo\/image\/","url":"https:\/\/www.turisrialp.cat\/web\/wp-content\/uploads\/Rialp-turisme.png","contentUrl":"https:\/\/www.turisrialp.cat\/web\/wp-content\/uploads\/Rialp-turisme.png","width":320,"height":320,"caption":"Rialp Turisme"},"image":{"@id":"https:\/\/www.turisrialp.cat\/web\/fr\/#\/schema\/logo\/image\/"}}]}</script>
<!-- / Yoast SEO plugin. -->

Capella Sant Cosme i Sant Damià - Rialp Turisme

Horari de celebracions: Del 26 d&rsquo;octubre a Pasqua Dilluns: 17.30 h a 18.30. Rosari i Oració Dimecres: 17.30 h a 18 h Rosari; 18 h a 19 h Adoració; 19 h Missa Divendres: 17.30 h a 18.30. Rosari i Oració Diumenge: 11 h Missa De Pasqua fins al canvi d&rsquo;horari Dilluns: 18.30 h a 19.30....
